
List the prime factors of 3784099187.
11, 37, 845231
List the prime factors of 786764950.
2, 5, 79, 199181
What are the prime factors of 345288145?
5, 2749, 25121
List the prime factors of 1083179146.
2, 7, 101, 766039
What are the prime factors of 19653997?
11, 1786727
What are the prime factors of 1579957762?
2, 789978881
List the prime factors of 1113598736.
2, 17, 4094113
What are the prime factors of 43300660?
2, 5, 13, 166541
What are the prime factors of 31579645?
5, 6315929
What are the prime factors of 4374604573?
24113, 181421
List the prime factors of 1245870923.
11, 23, 4924391
List the prime factors of 147466577.
147466577
List the prime factors of 516785852.
2, 11, 11745133
What are the prime factors of 1042439244?
2, 3, 7, 11, 1128181
List the prime factors of 32397864.
2, 3, 521, 2591
What are the prime factors of 50497493?
50497493
What are the prime factors of 585374778?
2, 3, 32520821
List the prime factors of 47849085.
3, 5, 23, 83, 557
What are the prime factors of 189774106?
2, 1259, 75367
List the prime factors of 1030828585.
5, 31, 6650507
What are the prime factors of 94171592?
2, 101, 116549
List the prime factors of 3565303.
7, 509329
List the prime factors of 172144457.
31, 479, 11593
List the prime factors of 15629596.
2, 17, 229847
What are the prime factors of 505480308?
2, 3, 41, 43, 23893
List the prime factors of 1667722717.
31, 53797507
What are the prime factors of 123844807?
1669, 74203
What are the prime factors of 68469618?
2, 3, 7, 59, 27631
List the prime factors of 1802119234.
2, 67, 13448651
List the prime factors of 1778595853.
163, 283, 38557
List the prime factors of 172978759.
193, 896263
What are the prime factors of 86349481?
47, 1837223
List the prime factors of 259289491.
17, 15252323
What are the prime factors of 932563540?
2, 5, 37, 127, 9923
List the prime factors of 712899806.
2, 356449903
List the prime factors of 4134066781.
13, 318005137
What are the prime factors of 87494855?
5, 7, 2499853
What are the prime factors of 819609759?
3, 2927, 3457
List the prime factors of 884583665.
5, 7, 19, 29, 45869
What are the prime factors of 125564833?
149, 223, 3779
What are the prime factors of 1240437109?
1103, 1124603
List the prime factors of 4349540.
2, 5, 13, 16729
List the prime factors of 5405705259.
3, 31, 61, 952883
What are the prime factors of 81366042?
2, 3, 23, 589609
What are the prime factors of 1179908100?
2, 3, 5, 7, 163, 383
List the prime factors of 2817222952.
2, 983, 358243
List the prime factors of 133050914.
2, 66525457
What are the prime factors of 48645880?
2, 5, 1216147
What are the prime factors of 43192327?
43192327
List the prime factors of 625468048.
2, 67, 583459
What are the prime factors of 87115742?
2, 7, 59, 105467
List the prime factors of 138304553.
19, 7279187
List the prime factors of 72114798.
2, 3, 7, 23, 74653
What are the prime factors of 2101566879?
3, 23, 89, 114073
List the prime factors of 82012126.
2, 7, 5858009
List the prime factors of 2592878727.
3, 864292909
List the prime factors of 86887669.
11, 7898879
What are the prime factors of 476457015?
3, 5, 19, 53, 31543
List the prime factors of 3801369.
3, 11, 13, 8861
What are the prime factors of 424162279?
97, 223, 19609
List the prime factors of 8200288494.
2, 3, 1499, 303917
What are the prime factors of 178715699?
178715699
What are the prime factors of 61850538?
2, 3, 919, 3739
What are the prime factors of 1624234183?
11, 13, 1032571
List the prime factors of 34287127.
7, 137, 35753
What are the prime factors of 1100897570?
2, 5, 353, 311869
List the prime factors of 169432241.
11, 233, 66107
List the prime factors of 341155031.
7, 17, 31, 92479
What are the prime factors of 72737205?
3, 5, 4849147
List the prime factors of 61782580.
2, 5, 271, 11399
What are the prime factors of 456375944?
2, 373, 152941
List the prime factors of 47129078.
2, 1879, 12541
What are the prime factors of 67510152?
2, 3, 23, 107, 127
List the prime factors of 192609626.
2, 11, 17, 101, 5099
List the prime factors of 142574763.
3, 103, 461407
List the prime factors of 2980437850.
2, 5, 13, 19, 373, 647
List the prime factors of 1056447851.
521, 2027731
List the prime factors of 3735963975.
3, 5, 49812853
List the prime factors of 5787522878.
2, 13177, 219607
What are the prime factors of 321766725?
3, 5, 7, 612889
List the prime factors of 523155876.
2, 3, 31, 37, 191, 199
List the prime factors of 151397437.
151397437
What are the prime factors of 2683152251?
13, 206396327
List the prime factors of 109301160.
2, 3, 5, 17, 131, 409
What are the prime factors of 1738996386?
2, 3, 41, 101, 69991
What are the prime factors of 38109847?
197, 193451
List the prime factors of 72671998.
2, 7, 19, 31, 1259
What are the prime factors of 55745995?
5, 47, 237217
List the prime factors of 92479422.
2, 3, 7, 17, 19, 401
List the prime factors of 122733484.
2, 359, 85469
List the prime factors of 93174497.
13, 379, 18911
What are the prime factors of 618729353?
11, 113, 497771
What are the prime factors of 2887781262?
2, 3, 17, 563, 50287
What are the prime factors of 5619173400?
2, 3, 5, 29, 107647
List the prime factors of 100317637.
7, 257, 55763
List the prime factors of 51156550.
2, 5, 19, 53849
List the prime factors of 444887781.
3, 13, 23, 495973
List the prime factors of 93125702.
2, 43, 673, 1609
List the prime factors of 491815076.
2, 19, 6471251
What are the prime factors of 642136960?
2, 5, 107, 9377
What are the prime factors of 178176734?
2, 41, 2172887
What are the prime factors of 44126904?
2, 3, 1838621
List the prime factors of 213821345.
5, 19, 53, 42467
List the prime factors of 327265154.
2, 163632577
List the prime factors of 736391319.
3, 197, 557, 2237
List the prime factors of 108674767.
108674767
List the prime factors of 755605414.
2, 19, 61, 409, 797
List the prime factors of 79616260.
2, 5, 41, 151, 643
What are the prime factors of 1619818816?
2, 7, 11, 41, 8017
List the prime factors of 4192100660.
2, 5, 11, 1732273
What are the prime factors of 86642884?
2, 1181, 18341
List the prime factors of 35872397.
11, 17, 191831
List the prime factors of 633210508.
2, 7, 47, 131, 3673
What are the prime factors of 17112369?
3, 19, 331, 907
What are the prime factors of 1011285925?
5, 13, 19, 163771
List the prime factors of 1859669565.
3, 5, 13, 53, 179939
What are the prime factors of 7360549863?
3, 173, 14182177
What are the prime factors of 52163604?
2, 3, 1448989
What are the prime factors of 987162969?
3, 13, 109, 17863
What are the prime factors of 420987241?
420987241
List the prime factors of 2572282316.
2, 10133, 63463
List the prime factors of 4823076366.
2, 3, 2203, 40543
What are the prime factors of 95753205?
3, 5, 709283
What are the prime factors of 6055608759?
3, 23003, 87751
List the prime factors of 24539934.
2, 3, 61, 67049
List the prime factors of 22284774.
2, 3, 409, 1009
What are the prime factors of 1877065588?
2, 127, 3695011
What are the prime factors of 13622267?
1069, 12743
What are the prime factors of 238198388?
2, 677, 87961
What are the prime factors of 1834010967?
3, 19, 5011, 6421
What are the prime factors of 49913276?
2, 7, 283, 6299
List the prime factors of 550095704.
2, 59, 631, 1847
What are the prime factors of 52119609?
3, 71, 179, 1367
List the prime factors of 16529443.
7, 2361349
What are the prime factors of 865867141?
865867141
List the prime factors of 102222675.
3, 5, 37, 4093
What are the prime factors of 3277367279?
3277367279
What are the prime factors of 106527454?
2, 11, 67, 72271
What are the prime factors of 320845807?
320845807
What are the prime factors of 203501854?
2, 9521, 10687
List the prime factors of 638573621.
7, 149, 173, 3539
List the prime factors of 25535854.
2, 12767927
What are the prime factors of 6312693026?
2, 307, 10281259
List the prime factors of 732164240.
2, 5, 19, 131, 3677
List the prime factors of 183127024.
2, 43, 179, 1487
What are the prime factors of 61422236?
2, 23, 197, 3389
List the prime factors of 4285693593.
3, 476188177
List the prime factors of 30059960.
2, 5, 7, 107357
List the prime factors of 237351577.
237351577
What are the prime factors of 83462200?
2, 5, 417311
What are the prime factors of 5340294